{"id":233,"date":"2025-05-19T11:17:57","date_gmt":"2025-05-19T11:17:57","guid":{"rendered":"https:\/\/warszawskimszlakiem.pl\/?page_id=233"},"modified":"2026-04-12T11:18:09","modified_gmt":"2026-04-12T11:18:09","slug":"spacery-otwarte","status":"publish","type":"page","link":"https:\/\/warszawskimszlakiem.pl\/index.php\/spacery-otwarte\/","title":{"rendered":"Spacery otwarte"},"content":{"rendered":"\n<p>Szczeg\u00f3\u0142y na FB Warszawskim Szlakiem (zak\u0142adka <mark style=\"background-color:#CCA054\" class=\"has-inline-color has-contrast-light-color\">Blog<\/mark> na g\u00f3rze strony)<\/p>\n\n\n\n<p><\/p>\n\n\n\n<p><\/p>\n\n\n\n<p><strong>KWIECIE\u0143 2026<\/strong><\/p>\n\n\n\n<p>\u2022 18 kwietnia (sobota) godz. 11:00<\/p>\n\n\n\n<p>&nbsp;&nbsp;&nbsp;&nbsp;&nbsp;&nbsp;&nbsp;&nbsp;&nbsp;&nbsp;&nbsp;&nbsp;&nbsp;&nbsp;&nbsp; Cmentarz ewangelicko-augsburski (lutera\u0144ski) \u2013 spacer szlakiem artystycznym<\/p>\n\n\n\n<p>\u2022 25 kwietnia (sobota) godz. 11.00<\/p>\n\n\n\n<p>&nbsp;&nbsp;&nbsp;&nbsp;&nbsp;&nbsp;&nbsp;&nbsp;&nbsp;&nbsp;&nbsp;&nbsp;&nbsp;&nbsp;&nbsp; Witkacy w Warszawie \u2013 spacer szlakiem genialnego artysty<\/p>\n\n\n\n<p><strong>CDN<\/strong><\/p>\n\n\n\n<p><\/p>\n\n\n\n<p><\/p>\n\n\n\n<p><\/p>\n\n\n\n<p><\/p>\n\n\n\n<p><\/p>\n\n\n\n<p><\/p>\n\n\n\n<p><\/p>\n\n\n\n<p><\/p>\n\n\n\n<p><\/p>\n\n\n\n<p><\/p>\n","protected":false},"excerpt":{"rendered":"<p>Szczeg\u00f3\u0142y na FB Warszawskim Szlakiem (zak\u0142adka Blog na g\u00f3rze strony) KWIECIE\u0143 2026 \u2022 18 kwietnia (sobota) godz. 11:00 &nbsp;&nbsp;&nbsp;&nbsp;&nbsp;&nbsp;&nbsp;&nbsp;&nbsp;&nbsp;&nbsp;&nbsp;&nbsp;&nbsp;&nbsp; Cmentarz ewangelicko-augsburski (lutera\u0144ski) \u2013 spacer szlakiem artystycznym \u2022 25 kwietnia (sobota) godz. 11.00 &nbsp;&nbsp;&nbsp;&nbsp;&nbsp;&nbsp;&nbsp;&nbsp;&nbsp;&nbsp;&nbsp;&nbsp;&nbsp;&nbsp;&nbsp; Witkacy w Warszawie \u2013 spacer szlakiem genialnego artysty CDN<\/p>\n","protected":false},"author":1,"featured_media":0,"parent":0,"menu_order":0,"comment_status":"closed","ping_status":"closed","template":"","meta":{"_themeisle_gutenberg_block_has_review":false,"footnotes":""},"class_list":["post-233","page","type-page","status-publish","hentry"],"_links":{"self":[{"href":"https:\/\/warszawskimszlakiem.pl\/index.php\/wp-json\/wp\/v2\/pages\/233","targetHints":{"allow":["GET"]}}],"collection":[{"href":"https:\/\/warszawskimszlakiem.pl\/index.php\/wp-json\/wp\/v2\/pages"}],"about":[{"href":"https:\/\/warszawskimszlakiem.pl\/index.php\/wp-json\/wp\/v2\/types\/page"}],"author":[{"embeddable":true,"href":"https:\/\/warszawskimszlakiem.pl\/index.php\/wp-json\/wp\/v2\/users\/1"}],"replies":[{"embeddable":true,"href":"https:\/\/warszawskimszlakiem.pl\/index.php\/wp-json\/wp\/v2\/comments?post=233"}],"version-history":[{"count":40,"href":"https:\/\/warszawskimszlakiem.pl\/index.php\/wp-json\/wp\/v2\/pages\/233\/revisions"}],"predecessor-version":[{"id":395,"href":"https:\/\/warszawskimszlakiem.pl\/index.php\/wp-json\/wp\/v2\/pages\/233\/revisions\/395"}],"wp:attachment":[{"href":"https:\/\/warszawskimszlakiem.pl\/index.php\/wp-json\/wp\/v2\/media?parent=233"}],"curies":[{"name":"wp","href":"https:\/\/api.w.org\/{rel}","templated":true}]}}